 474 = 5*z, -124 = -z + 5*d. What is the remainder when z is divided by s?
27
Let f(x) = -11*x**2 - x - 9. Let s(y) = -6*y**2 - 4. Let w(g) = 2*f(g) - 5*s(g). What is the remainder when w(2) is divided by 16?
14
Let j(a) = 26*a + 2. What is the remainder when j(1) is divided by 15?
13
Calculate the remainder when (1*28 - -1) + -3 is divided by 14.
12
Let z(i) = -i**3 - 9*i**2 + 9*i + 1. Let o be z(-10). Let y = 3 + o. What is the remainder when 40 is divided by y?
12
Suppose 5*l - 24 = -5*o + 6, 0 = 4*l - 4*o + 8. Calculate the remainder when 4 is divided by l.
0
What is the remainder when (-1)/(2/730*(-60)/24) is divided by 22?
14
Let y = -2 - -29. Suppose 2*q - 30 = v + y, -99 = -4*q - v. What is the remainder when 51 is divided by q?
25
Let x(q) = q**2 + q - 7. Suppose 3 = -m + 2*y + 8, 0 = y - 5. Let p be (-23)/(-5) - (-6)/m. What is the remainder when x(p) is divided by 8?
7
Let s = -5 + 7. Suppose -2*h + 4*j - 40 = -5*h, -s*h - 2*j = -30. Suppose 2*v - h = 24. What is the remainder when v is divided by 8?
6
Let f be 5/(2/10*-1). Let a = f + 36. Calculate the remainder when 32 is divided by a.
10
Let t(r) = -9*r**3 - 1. Suppose 0 = m - 3*m + 42. What is the remainder when m is divided by t(-1)?
5
Suppose -126 = -5*q + 2*m, 4*q + m + 57 = 163. Let z = 52 - q. What is the remainder when z is divided by 1*(2 - 3) + 10?
8
Let n = -37 - -52. What is the remainder when 57 - (2*-1 + 2) is divided by n?
12
Let o = 74 - 42. Suppose 0 = -2*s + 2 + o. Calculate the remainder when s is divided by 6.
5
Let l(s) = -2*s**2 + 2*s - 1. Let v be l(1). Calculate the remainder when 27 is divided by -6 + 5 + (-11)/v.
7
Let y = 2 - 21. Let s = -13 - y. Suppose 0 = 2*i - s. What is the remainder when 7 is divided by i?
1
Let r = -2 + 7. Suppose r*a + 5 - 20 = -5*n, -a = 3*n + 3. What is the remainder when 37 is divided by (-1)/((a/(-39))/2)?
11
Suppose b + 5 = 3*p - 15, 2*b + 36 = 5*p. Let c(l) = -l**3 + 4*l**2 + 2. Let y be c(4). Calculate the remainder when 25 is divided by y/b - 111/(-12).
7
Calculate the remainder when 34 is divided by ((2/(-2))/1)/((-13)/234).
16
Let l be 4 + 3/((-9)/6). Suppose 4*o - 22 = -l. Suppose -2*h - 2*h = -4*m + 68, 0 = 3*m + 3*h - 27. Calculate the remainder when m is divided by o.
3
Suppose 16 = 4*o + 4. Suppose -5*v + 85 = -2*a, -2*v = -8*a + o*a - 55. What is the remainder when 29 is divided by v?
14
Let g = 138 + -73. Calculate the remainder when g is divided by 33.
32
Suppose 5*w - 91 = -1. Calculate the remainder when 142 is divided by w.
16
Let r = -31 - -48. What is the remainder when 65 is divided by r?
14
Let j = 14 + -12. Calculate the remainder when 3 is divided by j.
1
Let g = 1 - -9. Calculate the remainder when 28 is divided by g.
8
Let f(m) = m - 1. Let p be f(5). Let v be 130/4 + 1/(-2). Suppose -q + 30 = 3*n - v, -2*q = -p. Calculate the remainder when n is divided by 11.
9
Let f(o) be the second derivative of -o**3/6 - 5*o**2/2 + o. Let c be f(-6). What is the remainder when c/((-3)/(-12))*1 is divided by 3?
1
Suppose 7*z + 110 - 516 = 0. What is the remainder when z is divided by 13?
6
Suppose t = -5*a + 38 + 60, -3*t = 5*a - 94. Suppose -4*s = -4*w + a, 8 + 1 = 3*w + 3*s. Let b = 18 + -4. What is the remainder when b is divided by w?
2
Suppose 0 = 5*u - 0 - 30. Let s = 115 + -72. Let w = -27 + s. What is the remainder when w is divided by u?
4
What is the remainder when 72/(-14)*105/(-6) is divided by 23?
21
Suppose -5*h - 4*t + 221 = 0, 3*h + 0*t - 140 = 5*t. What is the remainder when h is divided by 10?
5
Let x(f) = -5*f**2 - 3*f - 21. Let b = 6 + -13. Let u(q) = -3*q**2 - 2*q - 11. Let n(z) = b*u(z) + 4*x(z). What is the remainder when 22 is divided by n(-5)?
6
Suppose -j - 22 = -3*j. Let m(r) = -r**3 + r**2 + r - 3. Let x be m(0). What is the remainder when (-40)/x*(-3)/(-2) is divided by j?
9
Suppose 3*q + 0 + 11 = -2*p, 0 = -4*q - 20. Let f(u) = u**2 - 2*u**2 + 0*u**p - 35*u**3. Calculate the remainder when f(-1) is divided by 12.
10
Let o be -1*(3/1 + -3). Suppose 4*h + o*h - 100 = 0. Calculate the remainder when h is divided by 13.
12
Suppose -5*b = -31 + 6. Suppose -k + b = 2. Suppose -208 = -4*o + 3*a, -2*a - 20 = k*a. What is the remainder when o is divided by 17?
15
Let b = 0 + 0. Suppose 4*z - 58 - 26 = b. Calculate the remainder when z is divided by 11.
10
Let m = 0 + 32. Suppose 3*j = 8*j - 85. What is the remainder when m is divided by j?
15
Calculate the remainder when (-234)/(-6)*11/3 is divided by 36.
35
Let p = -39 + -142. Let j = -88 - p. Calculate the remainder when j is divided by 24.
21
Let j(m) = m**2 - 15*m - 13. Calculate the remainder when 7 is divided by j(16).
1
Suppose 0 = -5*u - 5*d + 20, 2*u + 0*u - 4 = 2*d. Suppose u*r - 2*s - 58 = 0, -s = 4*r - 8 - 62. Calculate the remainder when 70 is divided by r.
16
Suppose 2*o + 4 = 3*o. Suppose 4*a = 2*m - 10, o*m - 15 = -5*a - 8. What is the remainder when m is divided by 3?
0
Let c = -1 - -15. Calculate the remainder when 1*-13*4/(-2) is divided by c.
12
Let w(d) = 1 - 5 + 6*d**2 - 2*d + 3 + d**2. What is the remainder when w(2) is divided by 8?
7
Let o = 0 + -12. Calculate the remainder when o/16 - (-142)/8 is divided by 9.
8
Let k(x) = -x**2 + 5*x - 2. Let i be 2/5 + 13/5. Suppose -5*y + 10 = 5*n, 2*y - 3*y = 2*n + 3. What is the remainder when y is divided by k(i)?
3
Calculate the remainder when 4/(-18) + (-8)/(-36) + 98 is divided by 25.
23
Suppose 5*n = 33 + 57. Let z = 8 + -10. What is the remainder when n is divided by (-19)/z + (-3)/(-6)?
8
Suppose 0 = -5*z + 5*f + 60, 0 = -0*z + 2*z - f - 29. What is the remainder when z is divided by 5?
2
Let f(t) = t**3 - 6*t**2 + 5*t + 13. What is the remainder when f(7) is divided by 25?
22
Let u be (-2)/(-6) - (-66)/18. Suppose u*y - 5 = 3. Suppose -t + 23 = h, 15 = -y*t - t. Calculate the remainder when h is divided by 10.
8
Let a(d) = 7*d**2 + 5*d + 2. Let w be a(-5). What is the remainder when 16/24 - w/(-6) is divided by 9?
8
Let d = 22 - 23. What is the remainder when 52 is divided by d + (-1)/(2/(-56))?
25
Suppose c - 6*c - 5*a + 95 = 0, 4*c - 74 = -2*a. What is the remainder when 63 is divided by c?
9
Suppose 4*g - 40 = -g. What is the remainder when 14 is divided by g?
6
Let h = 36 - 32. Calculate the remainder when 27 is divided by h.
3
Suppose 2*v - 16 = 6. Calculate the remainder when 21 is divided by v.
10
Suppose 0 = l - 2. Let s(h) = 3*h**3 - 2*h**2 - 3*h + 3. Calculate the remainder when 24 is divided by s(l).
11
Suppose 0 = 4*k - k - 6. Let w = -6 - -17. What is the remainder when (-190)/(-6) + k/6 is divided by w?
10
Let v(h) = -h**2 + 7*h + 10. Let f be v(7). Let l = 18 - f. Calculate the remainder when 21 is divided by l.
5
Let b(n) = 9*n + 2. Calculate the remainder when b(1) is divided by 4.
3
Let j be (0/2)/((-6)/3). Let s = j - -20. Suppose -31 = -2*a - q, 0*q + s = a - 4*q. What is the remainder when 47 is divided by a?
15
Let c be 40/(-12)*12/(-10). Suppose s = c - 0. Suppose l + 4 = 10. What is the remainder when l is divided by s?
2
Let h = -5 + 25. Calculate the remainder when 79 is divided by h.
19
Suppose 3*o = -26 + 83. Calculate the remainder when 28 is divided by o.
9
Let l be (-237)/(-33) + (-6)/33. Let b be (l - 1)*5/10. Suppose -b*v = -8*v + 65. Calculate the remainder when v is divided by 7.
6
Suppose -3 + 2 = -j. Suppose 8*i - 33 = -1. Suppose i = p - j. Calculate the remainder when p is divided by 3.
2
What is the remainder when 49 is divided by 36/15*7 + (-3)/(-15)?
15
Suppose 0 = -2*k - k + 63. What is the remainder when k is divided by 8?
5
Suppose 19 = 3*a - 14. Suppose 5*q + 50 = 2*x, q + 0*q = x - 22. What is the remainder when x is divided by a?
9
What is the remainder when -1*(-1 - -2) + (-444)/(-4) is divided by 16?
14
Let c(f) = -f**2 - 9*f - 5. Let k(g) = g**3 - 4*g**2 - g + 2. Let d be k(2). Calculate the remainder when c(d) is divided by 2.
1
Suppose 3*o - 4*o + 6 = 0. What is the remainder when 0 + -3*(-8)/o is divided by 3?
1
Let v(u) = u - 6. Calculate the remainder when v(11) is divided by 2.
1
Let a(z) = z**2 + 3*z + 3. Suppose 5*x + 5 = -5*h, 0 = 2*h + 2*x + 2*x. What is the remainder when (-2)/6 + 12/9 is divided by a(h)?
0
Suppose -g - 2*o + 27 = -22, -25 = 5*o. Calculate the remainder when g is divided by 20.
19
Suppose 